y (2124/16)/3 - (-2)/(-8)?
42
What is the remainder when 25 is divided by ((-1)/(-2))/((-32)/(-896))?
11
Let v(o) = -8*o + 4. Let x(u) = -23*u + 11. Let b(c) = -11*v(c) + 4*x(c). Let h = 10 - 14. What is the remainder when b(h) is divided by 6?
4
Suppose -5*x - 25 = -110. Let u = -12 + x. What is the remainder when 19 is divided by u?
4
Let c(z) = z**3 + 5*z**2 - z - 4. Let f(a) = a**3 + 11*a**2 - 2*a - 9. Let b(t) = -5*c(t) + 2*f(t). Calculate the remainder when 69 is divided by b(-2).
9
Suppose -5*y - 151 - 69 = 0. Let t = 90 + y. What is the remainder when t is divided by 12?
10
Suppose 0 = -2*m - 3*m + 75. What is the remainder when m is divided by 3?
0
Suppose -3*q + 4*m - 4 = -q, 0 = -4*q + m + 20. Calculate the remainder when 29 is divided by q.
5
Let u(h) = h**2 + 9*h - 30. Calculate the remainder when u(-15) is divided by 16.
12
Suppose 4*a - 4*s = 48, -3*s = -4*a + 12 + 34. Suppose -2*k = 2*c - a, 5*c = -0*k - k + 13. Calculate the remainder when 4/3 - (-4)/6 is divided by c.
0
Suppose -8*a - 312 = -20*a. Calculate the remainder when 46 is divided by a.
20
Suppose 2*g + 2*b = b + 31, 2*g - b = 33. Calculate the remainder when 78 is divided by g.
14
Let p(g) = 2*g - 1. Let r be p(3). Suppose r*t + 6*d - 3*d - 5 = 0, 25 = -5*t + 3*d. Let l = t + 7. Calculate the remainder when 8 is divided by l.
3
Suppose 0 = 5*r + 4*v - 2*v - 263, -2*v = -r + 43. Suppose -21 = -2*q + z + 12, -2*z = q - 24. Calculate the remainder when r is divided by q.
15
Let a(h) be the first derivative of -h**2/2 + 8*h + 1. Suppose -5*j + 35 = -p + 4*p, 4*p = 2*j + 12. Calculate the remainder when j is divided by a(6).
0
Let h(m) = 6*m + 17. Let u(l) = -11*l + 1. Let g be u(-1). What is the remainder when h(g) is divided by 23?
20
Suppose 5*r = 4*r + 29. Let z(k) = 4*k**2 - 2*k - 2. What is the remainder when r is divided by z(2)?
9
Let x(q) be the second derivative of q**5/20 - q**4/12 - q**3/2 + q**2/2 + q. Let i = -31 - -50. What is the remainder when i is divided by x(3)?
9
Let p = 0 - 4. Let s = p + 4. Suppose 0 = u - s*u - 15. What is the remainder when 27 is divided by u?
12
Let d = -12 + 14. Suppose -5*n = -d*n - 135. What is the remainder when n is divided by 12?
9
Let v(j) be the first derivative of j**4/4 - j**3/3 + j**2 - 3*j + 2. Let q be v(2). Suppose q*f + 0 = 45. What is the remainder when 16 is divided by f?
7
Let h(x) = -x**3 + 6*x**2 - 4*x - 3. Calculate the remainder when 38 is divided by h(4).
12
Calculate the remainder when 31 is divided by 24/5 + 10/50.
1
Let v = -21 + 12. Let k(l) = -3*l**3 + 2*l + 1. Let o be k(-2). Let c = o + v. What is the remainder when 33 is divided by c?
9
Calculate the remainder when (-4 + 3)/((-4)/164) is divided by 21.
20
Suppose -8*i = -5*i - 96. What is the remainder when i is divided by 1/(2/(-22)*-1)?
10
Let t be 2 + -3 + (-90)/3. Let l = -21 - t. Suppose -f - 13 = -3*f + k, 1 = f + 5*k. Calculate the remainder when l is divided by f.
4
Let c(h) = -3*h + 2 + 4*h - h**2 - 2*h + h**3. What is the remainder when (-2)/5 - (-324)/10 is divided by c(3)?
15
Suppose -w = -u + 28 + 15, 2*w = -8. What is the remainder when 75 is divided by u?
36
Suppose 5*m - 8 = 3*m. Calculate the remainder when 6 is divided by (m - 5)/((-2)/6).
0
Let b(u) = -40*u + 2. Let s be b(-1). Calculate the remainder when s/4 - 6/12 is divided by 3.
1
Suppose 3*u - 113 = -q + 44, -2*u + q + 98 = 0. Suppose 5*n = -3*x + 8 + 13, -3*x + 5*n + u = 0. Calculate the remainder when 22 is divided by x.
10
Calculate the remainder when 27 is divided by 5 - 3/3*-2.
6
Suppose 3*p - 9*p = -66. Calculate the remainder when 29 is divided by p.
7
Suppose 0 = 3*m - 6*m - 30. Let r(j) = j**2 + 7*j - 11. Let c be r(m). Suppose -3*w = -c - 41. What is the remainder when w is divided by 11?
9
Let h be 178/(-14) - (-10)/(-35). Let d = 27 + h. Calculate the remainder when 53 is divided by d.
11
Let k(r) = 21*r**2 + 5*r + 2. Let c be k(-3). Let x = c - 112. What is the remainder when x is divided by 22?
20
Let r = 1 - -2. Suppose 4*u - 42 = r*q + 23, 2*q + 2*u + 34 = 0. Calculate the remainder when 52 is divided by 4/2 - 3 - q.
16
Suppose 6*i - 4 = 2*i. Let x = 4 - i. What is the remainder when 7 + -2 + 0/(-1) is divided by x?
2
Let v(r) be the first derivative of -r**4/4 + 5*r**3/3 + r**2 - 7*r + 5. What is the remainder when 3 is divided by v(5)?
0
Let p be -13 + 3 - (0 + 1). Let j = -4 - p. Suppose b - 1 = j. Calculate the remainder when 14 is divided by b.
6
Suppose -5*b + 15 = -0. What is the remainder when 8 - 3/(4 + -3) is divided by b?
2
Let h(m) = m**3 - 7*m**2 - 8*m + 2. Let g be (-17)/(-2) + (-3)/6. Let p be h(g). Calculate the remainder when (19 - 6) + 0/p is divided by 7.
6
Suppose 4*z + 62 = 3*j - j, 5*j - 113 = -4*z. Calculate the remainder when j is divided by 15.
10
Let c(h) = -h**3 - 5*h**2 - 4*h - 5. Suppose -a - 15 = 2*a. What is the remainder when 29 is divided by c(a)?
14
Let a = 40 + -20. What is the remainder when a is divided by (-665)/(-57) + 4/(-6)?
9
Let v = -7 + 20. Suppose 19 = t - 0. Let n = t - v. What is the remainder when 17 is divided by n?
5
Suppose 2*w - w = 11. Let t = 88 + -26. Suppose 5*n - t = -2*i, 2*n = -0*i - 2*i + 62. What is the remainder when i is divided by w?
9
What is the remainder when (3 + -4)*4 + 22 is divided by 7?
4
Let b = 1 + 4. Let t be 2/6 + 4/6. What is the remainder when b is divided by t - (-1 + -1 + 1)?
1
Suppose l + 9*q = 4*q + 23, 0 = q - 4. Let r be 8/l + 4/(-6). Suppose 0 = -r*y + 2 + 4. Calculate the remainder when y is divided by 2.
1
Let i(m) = 6*m - 6. Let l(k) = -k + 1. Let z(v) = i(v) + 2*l(v). Suppose 0 = 6*t - 97 + 13. What is the remainder when t is divided by z(3)?
6
Let p be (1/3*0)/2. Suppose -5*w + 57 + 73 = p. Let q = w + -7. What is the remainder when q is divided by 7?
5
Let u(b) = -5*b - 2. Let w(i) be the first derivative of i**3 - i**2 - 4*i - 3. Calculate the remainder when w(-3) is divided by u(-2).
5
Suppose -22 = -0*m - 2*m. Let o = -3 + m. Calculate the remainder when o is divided by 2 - (-9)/(1 + 2).
3
Suppose -8*r = -88 + 24. Let f = 36 + -21. What is the remainder when f is divided by r?
7
Let d(c) = -c**3 - 4*c**2 + 5*c + 1. Calculate the remainder when d(-6) is divided by 9.
7
Let q be -3 - (1 + (-2 - 0)). What is the remainder when 24 is divided by 1/q*(-20 - 6)?
11
Suppose -18 - 24 = -3*a. Calculate the remainder when 54 is divided by a.
12
Let g(d) = 5*d**2 - d**2 + d**3 - 12*d - 8 + 10*d**2 - 4*d**2. Let r be g(-11). Calculate the remainder when 15 is divided by (5 - (5 - r)) + 1.
3
Suppose 0 = 3*w + r - 1362 - 101, -3*r = 12. Calculate the remainder when (-2)/(-8) - w/(-12) is divided by 11.
8
Let g be (-6*(-18)/(-4))/(-1). Suppose -3 = -5*w + g. Calculate the remainder when w is divided by 2.
0
Let m = 92 - 90. What is the remainder when 4 is divided by m?
0
Suppose 0 = 4*w - 60 - 1100. Suppose -5*v - 2*z = -w, 4*v = 5*v + 3*z - 45. Calculate the remainder when v is divided by 21.
18
Calculate the remainder when 53 is divided by ((112/10)/(-2))/((-26)/130).
25
Suppose -4*b = 4*v - 284, b - 119 = -3*v + 86. Calculate the remainder when v is divided by 17.
16
Suppose 0 = -4*j + 227 + 205. Suppose -3*c = -3*d - 90, 4*d + 20 = -0*d. What is the remainder when c is divided by j/16 - 1/(-4)?
4
Suppose -198 + 168 = -3*n. Calculate the remainder when n is divided by (18/2)/((-3)/(-2)).
4
Suppose -3*i + 0*i = -9. Suppose -6 = -0*t - i*t. Calculate the remainder when t is divided by 2.
0
Let n = -82 - -107. What is the remainder when 47 is divided by n?
22
Let j be (-2)/1 - -22 - -1. Let g = j - -6. What is the remainder when g is divided by 7?
6
Suppose 2*d - 2 = -2*l, 0*d - 3*d + 4 = 4*l. Suppose d*j + 6 = j. What is the remainder when 21 is divided by j?
3
Suppose -29 + 365 = 4*w. Suppose 0 = -4*h - 4 + w. Calculate the remainder when h is divided by 1/(3 + 40/(-14)).
6
Let z = 8 - -9. Let n = z + -8. What is the remainder when n is divided by 6?
3
What is the remainder when (975/(-26))/(6/(-8)) is divided by 13?
11
Let t(q) = 4*q - 8. Calculate the remainder when 10 is divided by t(4).
2
Calculate the remainder when 56 is divided by 1/2 - (-37)/2.
18
Suppose -2*v = -3*v + 17. Calculate the remainder when ((-2)/3)/(6/(-603)) is divided by v.
16
Suppose -5*f = -2*u + 10, 